 Let r = d - 3. Suppose -5*t + 60 = -r*h + 2*h, -5*h + 21 = 4*t. List the prime factors of t.
3
Suppose 9*h - 7131 = -1443. List the prime factors of h.
2, 79
Let i(b) = b**3 - 5*b**2 + 3*b - 12. Let o be i(5). Let a = 1 + o. List the prime factors of a.
2
Let r be 14/(((-3)/(-4))/(-3)). Let s = 122 + r. List the prime factors of s.
2, 3, 11
Let i = -746 - -2037. List the prime factors of i.
1291
Suppose 104 = -f + 343. List the prime factors of f.
239
Let c be 2 + ((-72)/4)/(-3). Suppose 4*l = z - c, l = 4 - 0. List the prime factors of z.
2, 3
Let q = 601 + -104. Suppose g - q = -3*l + 3*g, -5*g = l - 160. List the prime factors of l.
3, 5, 11
Let z be (-3 + (-129)/(-9))*9 + -2. Let y = 118 - z. What are the prime factors of y?
2, 3
Let n(w) = w + 3*w - 2 + w + 0. Let d = 12 + -9. What are the prime factors of n(d)?
13
Suppose 802*f - 24498 = 784*f. What are the prime factors of f?
1361
Let a = -87 + 52. Let c = a - -50. List the prime factors of (-2)/((-8)/4)*c.
3, 5
Let x = 1679 - 1538. What are the prime factors of x?
3, 47
Let w = -22 + 25. What are the prime factors of 3*(2 - (-19)/w)?
5
Let g(q) = -6 - 1 - 3*q - 1. Suppose 13*a + 108 = -5*a. What are the prime factors of g(a)?
2, 5
Let o(q) = 16*q**2 + 6*q - 13. What are the prime factors of o(2)?
3, 7
Let o(s) = s + 55. Let v be (1 + -1)/(-1 + 2). What are the prime factors of o(v)?
5, 11
Let x(v) = 4*v. Suppose 5*h - 4 = 1. Let d be x(h). Suppose -24 = -5*p + d*p. List the prime factors of p.
2, 3
Let i(s) = -s**3 + 19*s**2 - 43*s + 15. List the prime factors of i(15).
2, 3, 5
Suppose 0 = 4*k - 2*g - 1254, -2*k + 4*g = 5*g - 617. What are the prime factors of k?
311
Let z(m) be the first derivative of -47*m**7/840 + 3*m**3 - 5. Let k(o) be the third derivative of z(o). What are the prime factors of k(-1)?
47
Let t(m) be the first derivative of 11 + 0*m + 13/2*m**2. What are the prime factors of t(4)?
2, 13
Suppose -3*o + 2*h + 604 = -0*o, -3*h = 5*o - 975. Let c = -141 + o. What are the prime factors of c?
3, 19
List the prime factors of 1/5 + 50990/50 + -13.
19, 53
Let r = 1923 + -351. List the prime factors of r.
2, 3, 131
Let p = -12 + 32. Let n = 5 + p. List the prime factors of n.
5
Suppose -3*u - 1329 = -4*z + 853, 2*z + 3*u = 1100. What are the prime factors of z?
547
Suppose -3*v - 2*v - 3*r = -28, -2*v + 2*r + 24 = 0. Suppose -5*l = v - 3. What are the prime factors of -12*2/(l - 1)?
2, 3
Let w be (0/2)/(2 - 4). Suppose u + w + 3 = 0. What are the prime factors of 23 - (u - -5 - 0)?
3, 7
Suppose -7*g - 5 = -2*g. List the prime factors of -39*g/3*10.
2, 5, 13
List the prime factors of -1 + (20/(-130) - (-9739)/13).
2, 11, 17
Suppose -3*r + 196 = r. Suppose -32 - r = 3*d. List the prime factors of d/(-18)*(0 + 6).
3
Let i(s) = 153*s - 170. What are the prime factors of i(9)?
17, 71
Let u(h) = 3*h + 65. Let n be u(-20). Suppose -n*m = -2*k + 245, k + m = -0*k + 126. List the prime factors of k.
5
Let a(n) = -n**3 + 4*n**2 - 2*n. Let b be a(2). Suppose 5 = b*i - 3. Suppose -1 = 5*m - 4*p + 1, -m - 4 = -i*p. What are the prime factors of m?
2
Suppose -112*v = -102*v - 10820. What are the prime factors of v?
2, 541
Suppose 0 = -4*c + 360 + 2468. List the prime factors of c.
7, 101
Let z(q) = -q + 10. Let w be z(8). Suppose -p + j + 11 = 0, -3*p + 43 = -0*j + w*j. Let f = p - 2. What are the prime factors of f?
11
Suppose -4*g - 6*a + 8*a + 1318 = 0, g = -5*a + 357. List the prime factors of g.
2, 83
Let i be 21/(-6)*8/4. Suppose 2*u + 82 = 3*c, -u - c = 71 - 30. Let s = i - u. List the prime factors of s.
2, 17
Let q be -4 - (-3 + (1 - -14)). Let n = q + 78. List the prime factors of n.
2, 31
Let g = -18 + 37. Suppose -5*o + 9*o = 16. Suppose o*a + g = 75. List the prime factors of a.
2, 7
Suppose -3*q = -3 + 18, 2*k - 666 = -2*q. List the prime factors of k.
2, 13
Let x(m) = m**3 - 2*m**2 - 9*m + 9. Suppose -3*k + 0*k = f + 3, 3*f - 24 = 2*k. What are the prime factors of x(f)?
3, 11
Let x(g) = g + 9. Let l be x(-6). Let z(r) = 3*r**2 - 4*r + 5. Let h be z(l). Let q = 47 - h. What are the prime factors of q?
3
Suppose -6 = -7*f + 8. Let p(z) = -26*z**2 + 14*z - 17. Let o(x) = -9*x**2 + 5*x - 6. Let w(j) = 17*o(j) - 6*p(j). List the prime factors of w(f).
2, 7
Let n(i) = i**2 + 4*i + 2. Let l be n(-4). Let y be l/((-1)/14*1). Let o = y + 45. What are the prime factors of o?
17
Let d(r) = 89*r + 22. What are the prime factors of d(7)?
3, 5, 43
Suppose 7 - 20 = -4*y + 3*j, 3*y - 4*j = 15. Let m(b) = b**3 - 2*b + 2. Let t be m(0). What are the prime factors of (t + -39)*(0 - y)?
37
Let h = 166 - 249. Let i = 159 + h. What are the prime factors of i?
2, 19
What are the prime factors of (-3)/12 + (-10339)/(-28) + 3?
2, 3, 31
Let x(u) = 4*u - 17. Let n be x(6). Suppose 0 = -n*p - 136 + 1417. What are the prime factors of p?
3, 61
Let a = -17 + 16. Let f be 62/(a + (-2 - -5)). Suppose -3*k + f = -5. What are the prime factors of k?
2, 3
Suppose -2 = -2*r - 10. List the prime factors of (-2)/(840/(-208) + (0 - r)).
2, 13
Suppose 5*c + 8 = 3*c, 0 = -f - c + 1. Let q(a) = a**2 + 6*a - 9. Let k be q(4). Let h = k + f. List the prime factors of h.
2, 3
Let g(l) = 2*l**3 - l**2 - l + 5. Let h be g(4). Suppose -3*r - 5*d = -h - 81, -d = -2*r + 138. Suppose 3*u + 8 = r. List the prime factors of u.
2, 5
Let j(k) = k**3 - 6*k**2 + 2*k - 8. Suppose -5*o - f + 2*f = -28, 4*f - 8 = 0. Let z be j(o). Suppose -z*r + 71 = 19. List the prime factors of r.
13
Let q be (12/30)/((-1)/(-5)). Suppose 187 = 3*j + q*s, 3*j + 2*s - 215 = 7*s. What are the prime factors of j?
5, 13
Suppose 0*w = 3*w + 15. Let r(b) = -b**2 - 7*b + 9. List the prime factors of r(w).
19
Let w = 9 - 6. Suppose 5*p + w = 13. Suppose 9 = p*h - 17. What are the prime factors of h?
13
Suppose -5*b = -25, 0*b = -4*n - 5*b + 37. Suppose -4*o + n*c + 72 = -123, 3*c + 99 = 2*o. Let f = o - 33. List the prime factors of f.
3, 5
Let g = 4050 - 2308. What are the prime factors of g?
2, 13, 67
Suppose -118*g + 120*g - 7214 = 0. What are the prime factors of g?
3607
Let u(p) = p**3 - 7*p**2 + 8*p - 10. Let z be u(6). Suppose -4*d + 3*s = -340, z*s - 13 + 5 = 0. What are the prime factors of d?
2, 11
Let j = -3 - -6. Let q = 3 + j. Let h(w) = w**2 - 5*w. What are the prime factors of h(q)?
2, 3
Suppose 4 = -5*w - 11, 3*y - 2*w = -27. List the prime factors of y*((-70)/(-2))/(-5).
7, 11
Suppose 16*k - 32631 = 31657. List the prime factors of k.
2, 7, 41
Let r = -623 - -1296. What are the prime factors of r?
673
Let y(l) = 2*l - 13. Let o be y(9). Suppose 5*z - 364 = -o*v + 2*z, -10 = 5*z. Let c = v - 34. What are the prime factors of c?
2, 5
Let v be (-12)/(-20) - (-108)/(-5). List the prime factors of (-2)/4 - v/6.
3
Let s(v) = 2*v**2 - 4*v - 14. Let f be s(10). Let l = f - 81. What are the prime factors of l?
5, 13
Let a = 1697 - -379. What are the prime factors of a?
2, 3, 173
Suppose -j + 5*j = 80. Suppose 2*c - j = -2*c. Suppose -34 - 61 = -c*i. What are the prime factors of i?
19
Let a = 997 - -2758. What are the prime factors of a?
5, 751
Suppose h - 48 = 4*h + 3*v, -71 = 5*h - 4*v. What are the prime factors of ((-18)/h)/3 - (-7465)/25?
13, 23
Suppose 11*d + 454 = 13*d. What are the prime factors of d?
227
Let z(v) = -47*v**2 - 2*v + 1. Let m be z(1). Let x = m - -62. What are the prime factors of x?
2, 7
Suppose -11 = y - 0. Let n(t) = t**3 + 12*t**2 + 11*t + 7. List the prime factors of n(y).
7
Let i = 29 + -48. Let h = i + 24. Suppose -2*q + 23 = -h. What are the prime factors of q?
2, 7
Let y(z) = -z**3 - 5*z**2 + 3*z. Let w be y(3). List the prime factors of (-4179)/w - (-4)/6.
67
Let z be (-2 - -8)/(9 + -8). List the prime factors of (117 - 3)*z/12.
3, 19
Suppose 4*x + 0*y + 4*y = -424, 5*y - 580 = 5*x. List the prime factors of -2 + (-4 - -4 - x).
109
Let z(j) be the first derivative of 2*j - 3 - 2/3*j**3 + 3/2*j**2 - 1/4*j**4. What are the prime factors of z(-4)?
2, 11
Suppose 2*o = -v - v - 776, -4*o + 4*v = 1520. What are the prime factors of (-20)/3*o/40?
2
Suppose 0 - 8 = 4*w - b, w - 2*b - 5 = 0. Let i = w - -6. Suppose 3*l + 9 = 0, -i*u - l = 3*l. List the prime factors of u.
2
Let k = -38 + 43. Suppose o - 432 = -k*o. List the prime factors of o.
2, 3
Let m(j) be the third derivative of j**5/60 - 5*j**4/24 + 7*j**3/3 - 